ime factors of s?
3, 107
Suppose 9*i = 5*i + 12. Suppose -3 + 15 = -3*k. What are the prime factors of (-45)/6*k/i?
2, 5
Let f(p) = p - 2. Let g be f(2). Suppose g = -2*k + 3*q + 2*q + 48, -3*k = -5*q - 62. What are the prime factors of k?
2, 7
Let o = -1 - -1. Let n be 4/(-18) + 329/63. Suppose -2*i + n*r + 30 = o, 15 = -4*i + 3*r + 47. What are the prime factors of i?
5
Let n(r) = r**2 - 4*r - 4. Let m be n(5). List the prime factors of -3*(-33)/9*m.
11
Let n be (49 - -1)/(11 + -10). Let g = 90 - n. What are the prime factors of g?
2, 5
Let f be 989 + (0 - 4) + 1. What are the prime factors of f/22 - 2/(-11)?
3, 5
Suppose 0 = -12*f + 15*f - 345. List the prime factors of f.
5, 23
Suppose 2*t - t = 4. Let u = 6 - t. What are the prime factors of (u/(-3))/(16/(-120))?
5
Let d(i) = -i**2 - 6*i. Let g be d(-6). Suppose 12 = 2*h - 5*v + 3, g = -3*h - v + 39. List the prime factors of h.
2, 3
Suppose 764 = 22*m - 1348. List the prime factors of m.
2, 3
Suppose -85 = -k - 4*z - 16, z - 131 = -2*k. List the prime factors of k.
5, 13
Suppose 2*y - 9 - 5 = 0. Suppose 100 = -3*p + y*p. What are the prime factors of p?
5
Let z(v) = 65*v**3 - 2*v**2 + 1. What are the prime factors of z(1)?
2
Suppose 0 = 5*v - 3 + 38. Let g be (v - (0 - -1)) + -1. Let r = g - -21. List the prime factors of r.
2, 3
Let b = 18 + -15. Suppose 0*z = r + 3*z - 16, -b*z + 3 = 0. What are the prime factors of r?
13
Let c = 11 + -6. Suppose -5*i + 15 = 5*u - 2*u, 4*i - c = -u. What are the prime factors of u?
5
Let y(t) = -t + 12. What are the prime factors of y(9)?
3
Suppose 4*y - 150 = -2*n, -2*n - 215 = -5*y + n. Suppose -y = -x + 6*x. Let h = -6 - x. What are the prime factors of h?
2
Suppose -32 = -5*w + w. Let l = w + -4. Suppose k - 4*y = 0, -y - l*y - 33 = -4*k. What are the prime factors of k?
2, 3
Let x be 3*(-8)/(-30)*10. Suppose -x - 43 = -3*r. Let v = r - 10. What are the prime factors of v?
7
Let z = -39 - -61. List the prime factors of z.
2, 11
Let n = -4 - -6. Suppose b + n*b = 30. List the prime factors of b.
2, 5
Let x = 181 - 12. What are the prime factors of x?
13
Let g(q) be the second derivative of -q**4/12 + 4*q**2 + q. What are the prime factors of g(0)?
2
Let k be 6/(-4) + (-5)/(-2). Let b = k + 4. List the prime factors of b.
5
Let l = -22 - -27. List the prime factors of l.
5
Let q = -40 - -61. Let r = q - 13. What are the prime factors of r?
2
Let s be (15/(-6))/(2/(-60)). Let c(u) = -4*u. Let d be c(-2). What are the prime factors of (-2)/d + s/12?
2, 3
Suppose -2*r - c - 3 = 0, 0 = 5*r - 3*c - 9 - 11. What are the prime factors of r*(2 - 0 - -1)?
3
Suppose 11 - 2 = 3*j. Let x(r) = -r + 3. Let o be x(j). Suppose -2*w - 2*w + 20 = o. List the prime factors of w.
5
Let h(s) = -s + 11. What are the prime factors of h(-5)?
2
Let j(h) = 9*h**2 + h. Let t(r) = -r + 9. Let o be t(7). Suppose -2*l = -2*b - o, 5*l = 4*l + 4*b + 7. List the prime factors of j(l).
2
Suppose 4*m + 8 = -5*y + 20, 0 = 2*y + 5*m + 2. Suppose 3*b - 4*b + 5*c = -32, y*b - 4*c = 64. List the prime factors of b.
2, 3
Let h(n) = n**3 + 10*n**2 + n + 22. List the prime factors of h(-10).
2, 3
Let l(s) = s**2 - 4*s - 9. What are the prime factors of l(-4)?
23
Suppose -83 - 22 = -3*a. What are the prime factors of a?
5, 7
Let a(z) = -z**3 + z**2 - z + 1. Let d be a(1). List the prime factors of -1*(d + 13)*-1.
13
Let s(c) = 2*c - 7. Let d be s(3). What are the prime factors of (0 + (-3)/d)*3?
3
Let k be 4/(-14) - 174/(-21). Let i = k + -6. List the prime factors of i.
2
Let d = -17 - -31. What are the prime factors of d?
2, 7
Let n(j) = j**2 + 15*j + 11. Let c be n(-14). Suppose -4*y + 35 = -37. What are the prime factors of ((-4)/6)/(c/y)?
2
Suppose 23 = 5*l + 63. Suppose b - 2*w - 36 = -11, -60 = -5*b - 3*w. Let a = l + b. What are the prime factors of a?
7
Let x(c) = -c**2 + 4. Let z be x(0). Suppose 2*m - 4*y - 15 = y, 0 = 5*m + 5*y - 55. Suppose -2*h + z*h = m. What are the prime factors of h?
5
Let k be ((-2)/3)/(1/(-12)). Suppose 5*l + 3*m - 3 = 0, k*l + 5*m + 5 = 3*l. What are the prime factors of l?
3
Let o(l) = l - 2. Let b be o(2). Let w(t) = 2*t - 3. Let f be w(4). Let s = b + f. List the prime factors of s.
5
Suppose -z + 21 = -3*n, -11 = -2*z - n + 17. What are the prime factors of z?
3, 5
Suppose -2*l + 26 = -5*h + 5, 2*h + 10 = 0. Let q(v) = -v**2 + 4*v + 8. Let i be q(6). List the prime factors of (7/l)/(2/i).
7
Let i(a) = -7*a + a**2 + 2*a - 4 + 2*a. Let x be i(3). Let q(f) = f**3 + 5*f**2 + 3*f + 4. List the prime factors of q(x).
2
Suppose 3*l = -2*j + 4, 0*l = -l. Let f be (1/j)/((-2)/(-4)). Suppose -5*x + f + 56 = -3*k, -5*x + 61 = k. What are the prime factors of x?
2, 3
Let i be 14/5 - 3/(-15). Let d = -19 - -20. Suppose i*z = 4*b - 19, -4*b + 12 = -5*z - d. List the prime factors of b.
7
List the prime factors of 35 - (-1 - (-2 - 2)).
2
Suppose -4*i + 104 = 3*d + 2, -3*i + 71 = 5*d. Let u = 26 + i. Suppose -5*g = -3*z - u, z = -3*g - z + 28. List the prime factors of g.
2, 5
Let n = 29 + -7. List the prime factors of n.
2, 11
Let v = 291 - 102. List the prime factors of v.
3, 7
Let p(b) = b**2 + 17*b + 15. List the prime factors of p(-17).
3, 5
Suppose 0 = -2*s + 6*s - 232. What are the prime factors of s?
2, 29
Suppose 2 = 5*k - 8. Suppose -3*a + 3*s + 33 = -k*s, 3 = s. Suppose b + b = a. What are the prime factors of b?
2
Suppose 4*r = 2*i - 29 - 49, -5*i + 4*r + 177 = 0. List the prime factors of i.
3, 11
Let b = -110 + 51. Let s = 84 + b. List the prime factors of s.
5
Suppose -7*g - 6 = -9*g. Let u(a) = a**3 - a**2 - 2*a + 1. List the prime factors of u(g).
13
Suppose 3*y - 2 = -3*u + 2*u, 5*u - 74 = y. What are the prime factors of u?
2, 7
Let o(k) = -9*k**2 - 31*k + 5. Let b(u) = -5*u**2 - 16*u + 2. Let v(a) = 11*b(a) - 6*o(a). What are the prime factors of v(6)?
2
Suppose -3*z = -0 - 6. List the prime factors of (-4 - 7)/((-2)/z).
11
Let u = 17 + -12. Suppose -2*w + 66 = -5*b, -4*b + 2*b + 107 = u*w. List the prime factors of w.
23
Suppose -4*m + 4 + 4 = 0. What are the prime factors of m?
2
Let l(h) = -h**2 - h + 3. Let r be l(-3). Let q = 7 + r. List the prime factors of q.
2
Suppose 8 = 6*t - 2*t. Suppose 0 = t*v + v + 27. Let d = 18 + v. List the prime factors of d.
3
Let t be (0 - 2)*99/(-18). Suppose h = 2*h - t. List the prime factors of h.
11
Let s(j) = -j**2 - j + 30. Let h be s(0). Suppose 12 = 4*z - 5*z + 4*v, 5*z - h = 2*v. What are the prime factors of z?
2
Suppose 5*a = 5*p + a - 25, 0 = 3*a - 15. List the prime factors of p.
3
Suppose -16 = -j - 4*f, -2*j = 2*j + 4*f - 52. Let t = -4 + j. What are the prime factors of 27/6*t/6?
2, 3
Suppose -241 = -8*s + 239. List the prime factors of s.
2, 3, 5
Suppose m = 2*m - 3*u - 3, 0 = 2*m + 3*u - 6. List the prime factors of m.
3
Let j(r) = 5*r**3 - r**2 + 3*r - 2. Let m be j(2). Let o(a) = -a + 2. Let i be o(-2). Suppose i*s - m = -s. List the prime factors of s.
2
Let s = -8 - -49. List the prime factors of s.
41
Let h be (36/3)/((-6)/4). Let i(x) = x**2 + 5*x + 8. Let v be i(h). Let a = v + -23. List the prime factors of a.
3
Suppose -2*p - 198 = -4*l, 3*l - 5*p = -l + 201. Let r = -34 + l. List the prime factors of r.
3, 5
Let d be 144/(-10) + (-4)/(-10). What are the prime factors of d/(-4) + (-2)/4?
3
Let f = 10 + -22. Let r be (-1)/(-2 + (-21)/f). Suppose r*s - 85 = -s. What are the prime factors of s?
17
Suppose x = -0*x + 3. List the prime factors of (-16)/(2 - x) + -2.
2, 7
Let o be 301/42 + (-1)/6. Let y be -1*0*(-1)/2. Let x = o - y. What are the prime factors of x?
7
Let k be 4/10 - (-6)/(-15). Let t be (2*-1)/(k - -1). List the prime factors of -1 - t - (0 + -2).
3
Let s = 21 - 15. Let m = s + -4. Suppose -12 = -7*g + 3*g, 1 = m*c - 3*g. What are the prime factors of c?
5
Let w(v) = -v**2 + 15*v - 9. List the prime factors of w(12).
3
Let o(x) = 47*x**2 + 3*x - 4. What are the prime factors of o(2)?
2, 5, 19
Let b(u) be the first derivative of 5*u**3/6 - u**2/2 + 2*u - 1. Let m(x) be the first derivative of b(x). What are the prime factors of m(3)?
2, 7
Suppose n = l, 3*l - n = -l. Suppose 4*v + v - 155 = -2*p, -2*p = l. What are the prime factors of v?
31
Let b = 7 + -3. Suppose -b*l - 10 = -9*l. What are the prime factors of l?
2
Let a = 9 + -3. Let r = a - 1. Suppose l = -2*n - 6,